le of 17?
True
Is 12 a factor of 552708?
True
Does 764 divide 7134996?
True
Is 9 a factor of 2399589?
True
Is 217 a factor of 778494?
False
Does 725 divide 1822775?
False
Is 15 a factor of 3435?
True
Is 103194 a multiple of 42?
True
Is 36554 a multiple of 14?
True
Does 339 divide 3382881?
True
Is 7 a factor of 2613408?
True
Is 8 a factor of 389696?
True
Is 1803331 a multiple of 22?
False
Is 441650 a multiple of 11?
True
Is 10744680 a multiple of 115?
True
Is 7 a factor of 1113?
True
Is 184818 a multiple of 312?
False
Is 64415 a multiple of 89?
False
Does 5 divide 60864?
False
Is 154140 a multiple of 84?
True
Is 131 a factor of 768577?
True
Is 212 a factor of 274349?
False
Is 262072 a multiple of 94?
True
Is 139771 a multiple of 36?
False
Is 4244885 a multiple of 5?
True
Does 139 divide 1871717?
False
Is 3164900 a multiple of 331?
False
Is 92 a factor of 1321948?
True
Is 386 a factor of 1636254?
True
Does 78 divide 74267?
False
Does 423 divide 6792181?
False
Is 430395 a multiple of 32?
False
Is 18374382 a multiple of 527?
True
Does 38 divide 8337162?
True
Is 6 a factor of 52469?
False
Is 123 a factor of 60885?
True
Is 5796378 a multiple of 358?
True
Is 20 a factor of 6418820?
True
Does 5 divide 211505?
True
Is 45 a factor of 125640?
True
Does 2 divide 89374?
True
Is 556571 a multiple of 35?
False
Is 22 a factor of 2727415?
False
Is 352014 a multiple of 39?
True
Does 71 divide 5679439?
False
Is 480852 a multiple of 12?
True
Is 670446 a multiple of 34?
True
Does 2 divide 29688?
True
Is 46 a factor of 6970193?
False
Does 363 divide 1579691?
False
Is 17 a factor of 11262?
False
Is 16 a factor of 521888?
True
Does 263 divide 6207817?
False
Does 18 divide 1838286?
True
Is 836383 a multiple of 8?
False
Is 25152 a multiple of 48?
True
Is 1234212 a multiple of 196?
True
Is 40 a factor of 272084?
False
Is 18 a factor of 37076962?
False
Is 157204 a multiple of 4?
True
Is 234 a factor of 383506?
False
Is 269988 even?
True
Does 63 divide 74163?
False
Is 59 a factor of 1515753?
False
Does 43 divide 2265713?
True
Does 81 divide 501471?
True
Is 12481509 a multiple of 1158?
False
Is 2549796 a multiple of 194?
False
Does 12 divide 330102?
False
Does 5 divide 84646?
False
Does 7 divide 4748916?
False
Is 20 a factor of 518666?
False
Does 11 divide 4472292?
True
Is 21 a factor of 11092?
False
Is 15 a factor of 93011?
False
Is 8 a factor of 1723955?
False
Is 7449652 a multiple of 28?
True
Is 45220 a multiple of 38?
True
Does 142 divide 1773211?
False
Is 28 a factor of 84000?
True
Is 13 a factor of 2279538?
False
Is 12079203 a multiple of 14?
False
Is 374 a factor of 3550619?
False
Is 84242 a multiple of 87?
False
Does 15 divide 123090?
True
Is 496540 a multiple of 148?
True
Is 8024515 a multiple of 43?
False
Is 816509 a multiple of 5?
False
Is 3918693 a multiple of 51?
False
Is 89180 a multiple of 490?
True
Is 508787 a multiple of 47?
False
Does 13 divide 81328?
True
Does 3 divide 59238?
True
Is 11533 a multiple of 19?
True
Is 12 a factor of 1346796?
True
Is 191704 a multiple of 124?
True
Does 16 divide 106352?
True
Is 2090574 a multiple of 32?
False
Is 8 a factor of 67440?
True
Is 30 a factor of 11331?
False
Is 7 a factor of 83440?
True
Is 269 a factor of 15795?
False
Does 23 divide 416208?
True
Is 59 a factor of 5329882?
False
Is 333550 a multiple of 350?
True
Is 15 a factor of 372960?
True
Is 12302613 a multiple of 6?
False
Does 60 divide 70860?
True
Does 18 divide 26280?
True
Is 2860064 a multiple of 556?
True
Does 48 divide 270521?
False
Is 214822 a multiple of 79?
False
Is 556884 a multiple of 186?
True
Does 295 divide 52510?
True
Does 12 divide 2075976?
True
Does 1028 divide 436900?
True
Is 80171 a multiple of 7?
True
Is 39897 a multiple of 31?
True
Does 52 divide 2413996?
True
Is 221 a factor of 14144?
True
Is 448305 a multiple of 13?
True
Is 695305 a multiple of 65?
True
Is 759085 a multiple of 34?
False
Does 371 divide 1757423?
False
Does 337 divide 6499719?
True
Is 105968 a multiple of 148?
True
Is 121 a factor of 25833?
False
Does 237 divide 2861717?
False
Does 541 divide 66361?
False
Is 137 a factor of 5444479?
False
Is 16 a factor of 306752?
True
Does 596 divide 472628?
True
Does 3 divide 2819970?
True
Is 1307 a factor of 14134133?
False
Does 261 divide 2716871?
False
Is 9 a factor of 485577?
True
Is 13709538 a multiple of 303?
True
Is 95700 a multiple of 9?
False
Is 28040 a multiple of 5?
True
Is 2 a factor of 397838?
True
Is 23 a factor of 4653406?
True
Is 223278 a multiple of 243?
False
Is 142 a factor of 173796?
False
Is 4 a factor of 353353?
False
Is 1602269 a multiple of 58?
False
Is 2956606 a multiple of 43?
False
Is 5 a factor of 230016?
False
Is 4 a factor of 3607902?
False
Does 12 divide 117200?
False
Does 110 divide 2393490?
True
Is 20 a factor of 200036?
False
Is 2777632 a multiple of 352?
True
Does 9 divide 202310?
False
Does 115 divide 1354930?
True
Does 336 divide 62767?
False
Does 273 divide 684378?
False
Is 2028721 a multiple of 4?
False
Is 45731 a multiple of 329?
True
Does 65 divide 1930867?
False
Does 148 divide 1743896?
False
Does 42 divide 31290?
True
Is 439605 a multiple of 45?
True
Is 208988 a multiple of 13?
True
Is 276727 a multiple of 261?
False
Does 7 divide 246718?
False
Is 3 a factor of 1160429?
False
Does 279 divide 44919?
True
Does 32 divide 826318?
False
Does 11 divide 17839?
False
Is 6 a factor of 60967?
False
Does 514 divide 513486?
True
Does 9 divide 526?
False
Is 41 a factor of 12787244?
True
Is 1465680 a multiple of 20?
True
Is 440489 a multiple of 19?
False
Is 231652 even?
True
Is 35 a factor of 37030?
True
Is 235374 a multiple of 28?
False
Is 130 a factor of 501327?
False
Does 227 divide 20964358?
True
Is 14 a factor of 1260140?
True
Does 19 divide 272546?
False
Is 98 a factor of 55640?
False
Is 88 a factor of 12577929?
False
Is 527 a factor of 405263?
True
Does 546 divide 465938?
False
Is 12 a factor of 4848?
True
Does 30 divide 2206890?
True
Does 983 divide 2129178?
True
Is 243455 a multiple of 5?
True
Is 53130 a multiple of 115?
True
Does 23 divide 212622?
False
Is 3 a factor of 2732851?
False
Is 931301 a multiple of 233?
True
Is 15 a factor of 324720?
True
Is 1484166 a multiple of 141?
True
Does 11 divide 319037?
False
Does 202 divide 494294?
True
Is 1305538 a multiple of 32?
False
Is 2431120 a multiple of 484?
False
Is 638 a factor of 799414?
True
Is 38 a factor of 171147?
False
Does 13 divide 11102?
True
Does 28 divide 2716606?
False
Is 52 a factor of 10484038?
False
Is 74276 a multiple of 14?
False
Does 329 divide 132916?
True
Is 10 a factor of 86255?
False
Does 94 divide 4533900?
False
Is 267 a factor of 274395?
False
Is 11312 a multiple of 404?
True
Is 40 a factor of 74319?
False
Is 2612 a multiple of 2?
True
Is 6146 a multiple of 3?
False
Is 91 a factor of 616252?
True
Is 49 a factor of 469480?
False
Is 15 a factor of 2811197?
False
Does 140 divide 10424549?
False
Does 758 divide 14182938?
True
Is 31620 a multiple of 30?
True
Does 38 divide 1216?
True
Does 213 divide 627924?
True
Is 61402 a multiple of 22?
True
Is 171 a factor of 891164?
False
Is 467647 a multiple of 181?
False
Is 781665 a multiple of 615?
True
Is 32 a factor of 494944?
True
Does 18 divide 154818?
True
Is 3843384 a multiple of 24?
True
Is 74 a factor of 115958?
True
Is 984245 a multiple of 1024?
False
Does 824 divide 1573238?
False
Does 29 divide 1999461?
False
Is 13 a factor of 12904918?
True
Is 63 a factor of 4270518?
True
Does 2 divide 61268?
True
Is 90160 a multiple of 20?
True
Is 64 a factor of 27072?
True
Is 427 a factor of 465430?
True
Does 10 divide 16704?
False
Is 157 a factor of 297778?
False
Is 266 a factor of 5605042?
False
Is 1092959 a multiple of 17?
False
Is 54 a factor of 1594036?
False
Does 91 divide 268311?
False
Is 6 a factor of 10174050?
True
Does 547 divide 4541815?
False
Is 9510 a multiple of 30?
True
Is 211 a factor of 14468935?
False
Does 15 divide 837247?
False
Is 139 a factor of 61438?
True
Is 7 a factor of 1154591?
False
Is 92 a factor of 189795?
False
Is 57 a factor of 7701897?
True
Is 11251913 a multiple of 30?
False
Is 4198981 a multiple of 140?
False
Is 86513 a multiple of 11?
False
Is 124920 a multiple of 18?
True
Does 311 divide 1902837?
False
Does 53 divide 411810?
True
Is 249 a factor of 765177?
T